 ten thousands digit of 32742?
3
What is the hundreds digit of 582?
5
What is the units digit of 1155?
5
What is the hundreds digit of 705?
7
What is the thousands digit of 5451?
5
What is the hundreds digit of 710?
7
What is the hundreds digit of 1621?
6
What is the tens digit of 38197?
9
What is the tens digit of 13262?
6
What is the hundred thousands digit of 153867?
1
What is the hundreds digit of 14151?
1
What is the units digit of 7139?
9
What is the tens digit of 831?
3
What is the thousands digit of 54398?
4
What is the units digit of 1772?
2
What is the units digit of 164?
4
What is the units digit of 1895?
5
What is the ten thousands digit of 10516?
1
What is the hundreds digit of 25563?
5
What is the tens digit of 37617?
1
What is the hundreds digit of 889?
8
What is the units digit of 17100?
0
What is the units digit of 702?
2
What is the tens digit of 3928?
2
What is the hundreds digit of 29880?
8
What is the thousands digit of 1099?
1
What is the thousands digit of 8428?
8
What is the tens digit of 2114?
1
What is the tens digit of 9172?
7
What is the ten thousands digit of 37465?
3
What is the hundreds digit of 575?
5
What is the units digit of 21050?
0
What is the hundreds digit of 911?
9
What is the thousands digit of 18470?
8
What is the units digit of 20743?
3
What is the tens digit of 6185?
8
What is the thousands digit of 48466?
8
What is the units digit of 668?
8
What is the tens digit of 1602?
0
What is the units digit of 657?
7
What is the hundreds digit of 22354?
3
What is the units digit of 670?
0
What is the units digit of 3805?
5
What is the thousands digit of 1720?
1
What is the hundreds digit of 7994?
9
What is the units digit of 6374?
4
What is the units digit of 686?
6
What is the tens digit of 56267?
6
What is the hundreds digit of 1648?
6
What is the tens digit of 1134?
3
What is the hundreds digit of 22969?
9
What is the thousands digit of 44744?
4
What is the hundreds digit of 1389?
3
What is the thousands digit of 3167?
3
What is the units digit of 20050?
0
What is the units digit of 94883?
3
What is the thousands digit of 1478?
1
What is the tens digit of 1841?
4
What is the thousands digit of 48635?
8
What is the hundreds digit of 61027?
0
What is the ten thousands digit of 21457?
2
What is the hundreds digit of 312?
3
What is the tens digit of 1045?
4
What is the ten thousands digit of 41667?
4
What is the thousands digit of 1710?
1
What is the units digit of 3316?
6
What is the ten thousands digit of 21987?
2
What is the ten thousands digit of 27145?
2
What is the units digit of 1362?
2
What is the hundreds digit of 621?
6
What is the tens digit of 54?
5
What is the hundreds digit of 248?
2
What is the units digit of 7986?
6
What is the units digit of 22133?
3
What is the units digit of 679?
9
What is the units digit of 236?
6
What is the units digit of 253?
3
What is the units digit of 9682?
2
What is the units digit of 877?
7
What is the hundreds digit of 368?
3
What is the tens digit of 115?
1
What is the tens digit of 2577?
7
What is the tens digit of 4267?
6
What is the hundreds digit of 2511?
5
What is the ten thousands digit of 70394?
7
What is the tens digit of 1375?
7
What is the hundreds digit of 1830?
8
What is the units digit of 963?
3
What is the thousands digit of 5787?
5
What is the thousands digit of 9998?
9
What is the tens digit of 4090?
9
What is the tens digit of 47553?
5
What is the hundreds digit of 4169?
1
What is the thousands digit of 1786?
1
What is the tens digit of 2589?
8
What is the tens digit of 24949?
4
What is the tens digit of 40720?
2
What is the units digit of 294?
4
What is the thousands digit of 10059?
0
What is the thousands digit of 16216?
6
What is the hundreds digit of 49423?
4
What is the units digit of 9921?
1
What is the tens digit of 33753?
5
What is the units digit of 1765?
5
What is the hundreds digit of 18208?
2
What is the ten thousands digit of 41761?
4
What is the hundreds digit of 67612?
6
What is the units digit of 726?
6
What is the hundreds digit of 16755?
7
What is the hundreds digit of 14379?
3
What is the hundreds digit of 22259?
2
What is the hundreds digit of 8274?
2
What is the hundreds digit of 18698?
6
What is the thousands digit of 71458?
1
What is the hundreds digit of 7280?
2
What is the tens digit of 6562?
6
What is the units digit of 13152?
2
What is the hundreds digit of 1296?
2
What is the units digit of 16177?
7
What is the units digit of 5694?
4
What is the units digit of 4124?
4
What is the thousands digit of 18319?
8
What is the units digit of 198?
8
What is the units digit of 2037?
7
What is the tens digit of 9832?
3
What is the thousands digit of 34149?
4
What is the tens digit of 4510?
1
What is the units digit of 8515?
5
What is the ten thousands digit of 29662?
2
What is the units digit of 115?
5
What is the tens digit of 80?
8
What is the tens digit of 26882?
8
What is the units digit of 9?
9
What is the thousands digit of 6479?
6
What is the ten thousands digit of 22201?
2
What is the units digit of 8186?
6
What is the units digit of 17?
7
What is the units digit of 5950?
0
What is the thousands digit of 35795?
5
What is the units digit of 494?
4
What is the ten thousands digit of 21766?
2
What is the hundreds digit of 5761?
7
What is the thousands digit of 9982?
9
What is the hundreds digit of 32066?
0
What is the tens digit of 102986?
8
What is the hundreds digit of 622?
6
What is the tens digit of 110473?
7
What is the units digit of 1322?
2
What is the hundreds digit of 4837?
8
What is the units digit of 520?
0
What is the tens digit of 555?
5
What is the units digit of 4044?
4
What is the thousands digit of 6414?
6
What is the tens digit of 50?
5
What is the units digit of 10121?
1
What is the hundreds digit of 4916?
9
What is the hundreds digit of 7892?
8
What is the thousands digit of 3236?
3
What is the tens digit of 214?
1
What is the tens digit of 676?
7
What is the units digit of 8907?
7
What is the hundreds digit of 44568?
5
What is the units digit of 671?
1
What is the tens digit of 1644?
4
What is the thousands digit of 12290?
2
What is the units digit of 25923?
3
What is the ten thousands digit of 83420?
8
What is the units digit of 14997?
7
What is the thousands digit of 5092?
5
What is the thousands digit of 18374?
8
What is the hundreds digit of 2891?
8
What is the thousands digit of 6646?
6
What is the thousands digit of 2995?
2
What is the units digit of 16312?
2
What is the units digit of 8544?
4
What is the thousands digit of 1177?
1
What is the units digit of 37368?
8
What is the ten thousands digit of 19076?
1
What is the thousands digit of 41250?
1
What is the hundreds digit of 51093?
0
What is the thousands digit of 1004?
1
What is the thousands digit of 11992?
1
What is the tens digit of 389?
8
What is the ten thousands digit of 12671?
1
What is the units digit of 4330?
0
What is the thousands digit of 4568?
4
What is the hundreds digit of 180?
1
What is the tens digit of 4119?
1
What is the tens digit of 667?
6
What is the units digit of 96020?
0
What is the hundreds digit of 4929?
9
What is the tens digit of 698?
9
What is the hundreds digit of 541?
5
What is the units digit of 319?
9
What is the tens digit of 671?
7
What is the units digit of 1967?
7
What is the thousands digit of 60204?
0
What is the units digit of 805?
5
What is the tens digit of 163?
6
What is the units digit of 595?
5
What is the hundreds digit of 15975?
9
What is the hundreds digit of 1178?
1
What is the tens digit of 9333?
3
What is the ten thousands digit of 32704?
3
What is the units digit of 1295?
5
What is the ten thousands digit of 22712?
2
What is the hundreds digit of 6527?
5
What is the units digit of 98?
8
What is the ten thousands digit of 11888?
1
What is the units digit of 23034?
4
What is the hundreds digit of 1821?
8
What is the tens digit of 51?
5
What is the ten thousands digit of 10004?
1
What is the thousands digit of 30632?
0
What is the tens digit of 46?
4
What is the hundreds digit of 1227?
2
What is the thousands digit of 14355?
4
What is the thousands digit of 8571?
8
What is the units digit of 20412?
2
What is the thousands digit of 15448?
5
What is the tens digit of 6078?
7
What is the hundr